{"id":2074,"date":"2021-11-22T07:42:39","date_gmt":"2021-11-22T06:42:39","guid":{"rendered":"https:\/\/server462349.nazwa.pl\/wordpress\/wpn_p309bip\/?page_id=2074"},"modified":"2024-11-13T11:17:11","modified_gmt":"2024-11-13T10:17:11","slug":"przedmiot-dzialania","status":"publish","type":"page","link":"http:\/\/elektryk.krosno.pl\/bip\/przedmiot-dzialania\/","title":{"rendered":"Przedmiot dzia\u0142ania"},"content":{"rendered":"<p><strong><u>Przedmiot\u00a0dzia\u0142ania <\/u><\/strong><strong><u>i kompetencje<\/u><\/strong><\/p>\n<p>Do zakresu dzia\u0142ania i kompetencji dyrektora nale\u017cy<\/p>\n<p>w szczeg\u00f3lno\u015bci:<\/p>\n<ul>\n<li>reprezentowanie przedszkola na zewn\u0105trz,<\/li>\n<li>kierowanie bie\u017c\u0105cymi sprawami przedszkola,<\/li>\n<li>wydawanie zarz\u0105dze\u0144 w zakresie swoich kompetencji,<\/li>\n<li>wydawanie indywidualnych polece\u0144 dla pracownik\u00f3w przedszkola w zakresie ich zada\u0144,<\/li>\n<li>wydawanie decyzji w obr\u0119bie swoich kompetencji, jako organ administracji publicznej,<\/li>\n<li>wykonywanie uprawnie\u0144 zwierzchnika s\u0142u\u017cbowego i pracodawcy wobec pracownik\u00f3w przedszkola, w tym tak\u017ce ich zatrudnianie i zwalnianie,<\/li>\n<li>przeprowadzania kontroli wewn\u0119trznej w przedszkolu,<\/li>\n<li>sprawowanie nadzoru pedagogicznego nad nauczycielami,<\/li>\n<li>wprowadzanie zmian do regulaminu organizacyjnego przedszkola<\/li>\n<\/ul>\n<p><strong>\u00a0<\/strong><\/p>\n<p>Nauczyciel odpowiada za zdrowie, bezpiecze\u0144stwo i opiek\u0119 powierzonych mu wychowank\u00f3w oraz za prawid\u0142owy przebieg procesu dydaktyczno-wychowawczego<\/p>\n<p>Do zakresu dzia\u0142ania i kompetencji kierownika gospodarczego nale\u017cy gospodarowanie \u015brodkami trwa\u0142ymi, materia\u0142ami i \u015brodkami nietrwa\u0142ymi, gospodarowanie got\u00f3wk\u0105 w przedszkolu, a w szczeg\u00f3lno\u015bci:<\/p>\n<ul>\n<li>dokonywanie zakup\u00f3w \u017cywieniowych, wyposa\u017cenia i materia\u0142\u00f3w biurowy i prowadzenie wymaganej dokumentacji,<\/li>\n<li>sprawowanie bezpo\u015bredniego nadzoru nad funkcjonowaniem kuchni i pozosta\u0142ego personelu obs\u0142ugi.<\/li>\n<li>Obs\u0142uga finansowo-ksi\u0119gowa przedszkola prowadzona jest przez gmin\u0119 wed\u0142ug zasad okre\u015blonych w\u00a0odr\u0119bnych przepisach.<\/li>\n<\/ul>\n<p>Do zada\u0144 pracownik\u00f3w obs\u0142ugi nale\u017cy w szczeg\u00f3lno\u015bci:<\/p>\n<ul>\n<li>organizacja i zapewnienie odpowiednich warunk\u00f3w do pracy<\/li>\n<li>w przedszkolu,<\/li>\n<li>utrzymanie czysto\u015bci w budynku przedszkola i otoczeniu.<\/li>\n<\/ul>\n<p>&nbsp;<\/p>\n","protected":false},"excerpt":{"rendered":"<p>Przedmiot\u00a0dzia\u0142ania i kompetencje Do zakresu dzia\u0142ania i kompetencji dyrektora nale\u017cy w szczeg\u00f3lno\u015bci: reprezentowanie przedszkola na zewn\u0105trz, kierowanie bie\u017c\u0105cymi sprawami przedszkola, wydawanie zarz\u0105dze\u0144 w zakresie swoich kompetencji, wydawanie indywidualnych polece\u0144 dla pracownik\u00f3w przedszkola w zakresie ich zada\u0144, wydawanie decyzji w obr\u0119bie swoich kompetencji, jako organ administracji publicznej, wykonywanie uprawnie\u0144 zwierzchnika s\u0142u\u017cbowego [&hellip;]<\/p>\n","protected":false},"author":1,"featured_media":0,"parent":0,"menu_order":0,"comment_status":"closed","ping_status":"closed","template":"","meta":{"footnotes":""},"class_list":["post-2074","page","type-page","status-publish","hentry"],"yoast_head":"<!-- This site is optimized with the Yoast SEO plugin v27.4 - https:\/\/yoast.com\/product\/yoast-seo-wordpress\/ -->\n<title>Przedmiot dzia\u0142ania - BIP - Zesp&oacute;\u0142 Szk&oacute;\u0142 Elektrycznych i Og&oacute;lnokszta\u0142c\u0105cych w Kro\u015bnie<\/title>\n<meta name=\"robots\" content=\"index, follow, max-snippet:-1, max-image-preview:large, max-video-preview:-1\" \/>\n<link rel=\"canonical\" href=\"http:\/\/elektryk.krosno.pl\/bip\/przedmiot-dzialania\/\" \/>\n<meta property=\"og:locale\" content=\"pl_PL\" \/>\n<meta property=\"og:type\" content=\"article\" \/>\n<meta property=\"og:title\" content=\"Przedmiot dzia\u0142ania - BIP - Zesp&oacute;\u0142 Szk&oacute;\u0142 Elektrycznych i Og&oacute;lnokszta\u0142c\u0105cych w Kro\u015bnie\" \/>\n<meta property=\"og:description\" content=\"Przedmiot\u00a0dzia\u0142ania i kompetencje Do zakresu dzia\u0142ania i kompetencji dyrektora nale\u017cy w szczeg\u00f3lno\u015bci: reprezentowanie przedszkola na zewn\u0105trz, kierowanie bie\u017c\u0105cymi sprawami przedszkola, wydawanie zarz\u0105dze\u0144 w zakresie swoich kompetencji, wydawanie indywidualnych polece\u0144 dla pracownik\u00f3w przedszkola w zakresie ich zada\u0144, wydawanie decyzji w obr\u0119bie swoich kompetencji, jako organ administracji publicznej, wykonywanie uprawnie\u0144 zwierzchnika s\u0142u\u017cbowego [&hellip;]\" \/>\n<meta property=\"og:url\" content=\"http:\/\/elektryk.krosno.pl\/bip\/przedmiot-dzialania\/\" \/>\n<meta property=\"og:site_name\" content=\"BIP - Zesp&oacute;\u0142 Szk&oacute;\u0142 Elektrycznych i Og&oacute;lnokszta\u0142c\u0105cych w Kro\u015bnie\" \/>\n<meta property=\"article:modified_time\" content=\"2024-11-13T10:17:11+00:00\" \/>\n<meta name=\"twitter:card\" content=\"summary_large_image\" \/>\n<meta name=\"twitter:label1\" content=\"Szacowany czas czytania\" \/>\n\t<meta name=\"twitter:data1\" content=\"1 minuta\" \/>\n<script type=\"application\/ld+json\" class=\"yoast-schema-graph\">{\"@context\":\"https:\\\/\\\/schema.org\",\"@graph\":[{\"@type\":\"WebPage\",\"@id\":\"http:\\\/\\\/elektryk.krosno.pl\\\/bip\\\/przedmiot-dzialania\\\/\",\"url\":\"http:\\\/\\\/elektryk.krosno.pl\\\/bip\\\/przedmiot-dzialania\\\/\",\"name\":\"Przedmiot dzia\u0142ania - BIP - Zesp&oacute;\u0142 Szk&oacute;\u0142 Elektrycznych i Og&oacute;lnokszta\u0142c\u0105cych w Kro\u015bnie\",\"isPartOf\":{\"@id\":\"http:\\\/\\\/elektryk.krosno.pl\\\/bip\\\/#website\"},\"datePublished\":\"2021-11-22T06:42:39+00:00\",\"dateModified\":\"2024-11-13T10:17:11+00:00\",\"breadcrumb\":{\"@id\":\"http:\\\/\\\/elektryk.krosno.pl\\\/bip\\\/przedmiot-dzialania\\\/#breadcrumb\"},\"inLanguage\":\"pl-PL\",\"potentialAction\":[{\"@type\":\"ReadAction\",\"target\":[\"http:\\\/\\\/elektryk.krosno.pl\\\/bip\\\/przedmiot-dzialania\\\/\"]}]},{\"@type\":\"BreadcrumbList\",\"@id\":\"http:\\\/\\\/elektryk.krosno.pl\\\/bip\\\/przedmiot-dzialania\\\/#breadcrumb\",\"itemListElement\":[{\"@type\":\"ListItem\",\"position\":1,\"name\":\"Home\",\"item\":\"http:\\\/\\\/elektryk.krosno.pl\\\/bip\\\/\"},{\"@type\":\"ListItem\",\"position\":2,\"name\":\"Przedmiot dzia\u0142ania\"}]},{\"@type\":\"WebSite\",\"@id\":\"http:\\\/\\\/elektryk.krosno.pl\\\/bip\\\/#website\",\"url\":\"http:\\\/\\\/elektryk.krosno.pl\\\/bip\\\/\",\"name\":\"BIP - Zesp&oacute;\u0142 Szk&oacute;\u0142 Elektrycznych i Og&oacute;lnokszta\u0142c\u0105cych w Kro\u015bnie\",\"description\":\"Strona BIP\",\"potentialAction\":[{\"@type\":\"SearchAction\",\"target\":{\"@type\":\"EntryPoint\",\"urlTemplate\":\"http:\\\/\\\/elektryk.krosno.pl\\\/bip\\\/?s={search_term_string}\"},\"query-input\":{\"@type\":\"PropertyValueSpecification\",\"valueRequired\":true,\"valueName\":\"search_term_string\"}}],\"inLanguage\":\"pl-PL\"}]}<\/script>\n<!-- \/ Yoast SEO plugin. -->","yoast_head_json":{"title":"Przedmiot dzia\u0142ania - BIP - Zesp&oacute;\u0142 Szk&oacute;\u0142 Elektrycznych i Og&oacute;lnokszta\u0142c\u0105cych w Kro\u015bnie","robots":{"index":"index","follow":"follow","max-snippet":"max-snippet:-1","max-image-preview":"max-image-preview:large","max-video-preview":"max-video-preview:-1"},"canonical":"http:\/\/elektryk.krosno.pl\/bip\/przedmiot-dzialania\/","og_locale":"pl_PL","og_type":"article","og_title":"Przedmiot dzia\u0142ania - BIP - Zesp&oacute;\u0142 Szk&oacute;\u0142 Elektrycznych i Og&oacute;lnokszta\u0142c\u0105cych w Kro\u015bnie","og_description":"Przedmiot\u00a0dzia\u0142ania i kompetencje Do zakresu dzia\u0142ania i kompetencji dyrektora nale\u017cy w szczeg\u00f3lno\u015bci: reprezentowanie przedszkola na zewn\u0105trz, kierowanie bie\u017c\u0105cymi sprawami przedszkola, wydawanie zarz\u0105dze\u0144 w zakresie swoich kompetencji, wydawanie indywidualnych polece\u0144 dla pracownik\u00f3w przedszkola w zakresie ich zada\u0144, wydawanie decyzji w obr\u0119bie swoich kompetencji, jako organ administracji publicznej, wykonywanie uprawnie\u0144 zwierzchnika s\u0142u\u017cbowego [&hellip;]","og_url":"http:\/\/elektryk.krosno.pl\/bip\/przedmiot-dzialania\/","og_site_name":"BIP - Zesp&oacute;\u0142 Szk&oacute;\u0142 Elektrycznych i Og&oacute;lnokszta\u0142c\u0105cych w Kro\u015bnie","article_modified_time":"2024-11-13T10:17:11+00:00","twitter_card":"summary_large_image","twitter_misc":{"Szacowany czas czytania":"1 minuta"},"schema":{"@context":"https:\/\/schema.org","@graph":[{"@type":"WebPage","@id":"http:\/\/elektryk.krosno.pl\/bip\/przedmiot-dzialania\/","url":"http:\/\/elektryk.krosno.pl\/bip\/przedmiot-dzialania\/","name":"Przedmiot dzia\u0142ania - BIP - Zesp&oacute;\u0142 Szk&oacute;\u0142 Elektrycznych i Og&oacute;lnokszta\u0142c\u0105cych w Kro\u015bnie","isPartOf":{"@id":"http:\/\/elektryk.krosno.pl\/bip\/#website"},"datePublished":"2021-11-22T06:42:39+00:00","dateModified":"2024-11-13T10:17:11+00:00","breadcrumb":{"@id":"http:\/\/elektryk.krosno.pl\/bip\/przedmiot-dzialania\/#breadcrumb"},"inLanguage":"pl-PL","potentialAction":[{"@type":"ReadAction","target":["http:\/\/elektryk.krosno.pl\/bip\/przedmiot-dzialania\/"]}]},{"@type":"BreadcrumbList","@id":"http:\/\/elektryk.krosno.pl\/bip\/przedmiot-dzialania\/#breadcrumb","itemListElement":[{"@type":"ListItem","position":1,"name":"Home","item":"http:\/\/elektryk.krosno.pl\/bip\/"},{"@type":"ListItem","position":2,"name":"Przedmiot dzia\u0142ania"}]},{"@type":"WebSite","@id":"http:\/\/elektryk.krosno.pl\/bip\/#website","url":"http:\/\/elektryk.krosno.pl\/bip\/","name":"BIP - Zesp&oacute;\u0142 Szk&oacute;\u0142 Elektrycznych i Og&oacute;lnokszta\u0142c\u0105cych w Kro\u015bnie","description":"Strona BIP","potentialAction":[{"@type":"SearchAction","target":{"@type":"EntryPoint","urlTemplate":"http:\/\/elektryk.krosno.pl\/bip\/?s={search_term_string}"},"query-input":{"@type":"PropertyValueSpecification","valueRequired":true,"valueName":"search_term_string"}}],"inLanguage":"pl-PL"}]}},"_links":{"self":[{"href":"http:\/\/elektryk.krosno.pl\/bip\/wp-json\/wp\/v2\/pages\/2074","targetHints":{"allow":["GET"]}}],"collection":[{"href":"http:\/\/elektryk.krosno.pl\/bip\/wp-json\/wp\/v2\/pages"}],"about":[{"href":"http:\/\/elektryk.krosno.pl\/bip\/wp-json\/wp\/v2\/types\/page"}],"author":[{"embeddable":true,"href":"http:\/\/elektryk.krosno.pl\/bip\/wp-json\/wp\/v2\/users\/1"}],"replies":[{"embeddable":true,"href":"http:\/\/elektryk.krosno.pl\/bip\/wp-json\/wp\/v2\/comments?post=2074"}],"version-history":[{"count":1,"href":"http:\/\/elektryk.krosno.pl\/bip\/wp-json\/wp\/v2\/pages\/2074\/revisions"}],"predecessor-version":[{"id":2107,"href":"http:\/\/elektryk.krosno.pl\/bip\/wp-json\/wp\/v2\/pages\/2074\/revisions\/2107"}],"wp:attachment":[{"href":"http:\/\/elektryk.krosno.pl\/bip\/wp-json\/wp\/v2\/media?parent=2074"}],"curies":[{"name":"wp","href":"https:\/\/api.w.org\/{rel}","templated":true}]}}

Przedmiot działania

<p><strong><u>Przedmiot działania </u></strong><strong><u>i kompetencje</u></strong></p>
<p>Do zakresu działania i kompetencji dyrektora należy</p>
<p>w szczególności:</p>
<ul>
<li>reprezentowanie przedszkola na zewnątrz,</li>
<li>kierowanie bieżącymi sprawami przedszkola,</li>
<li>wydawanie zarządzeń w zakresie swoich kompetencji,</li>
<li>wydawanie indywidualnych poleceń dla pracowników przedszkola w zakresie ich zadań,</li>
<li>wydawanie decyzji w obrębie swoich kompetencji, jako organ administracji publicznej,</li>
<li>wykonywanie uprawnień zwierzchnika służbowego i pracodawcy wobec pracowników przedszkola, w tym także ich zatrudnianie i zwalnianie,</li>
<li>przeprowadzania kontroli wewnętrznej w przedszkolu,</li>
<li>sprawowanie nadzoru pedagogicznego nad nauczycielami,</li>
<li>wprowadzanie zmian do regulaminu organizacyjnego przedszkola</li>
</ul>
<p><strong> </strong></p>
<p>Nauczyciel odpowiada za zdrowie, bezpieczeństwo i opiekę powierzonych mu wychowanków oraz za prawidłowy przebieg procesu dydaktyczno-wychowawczego</p>
<p>Do zakresu działania i kompetencji kierownika gospodarczego należy gospodarowanie środkami trwałymi, materiałami i środkami nietrwałymi, gospodarowanie gotówką w przedszkolu, a w szczególności:</p>
<ul>
<li>dokonywanie zakupów żywieniowych, wyposażenia i materiałów biurowy i prowadzenie wymaganej dokumentacji,</li>
<li>sprawowanie bezpośredniego nadzoru nad funkcjonowaniem kuchni i pozostałego personelu obsługi.</li>
<li>Obsługa finansowo-księgowa przedszkola prowadzona jest przez gminę według zasad określonych w odrębnych przepisach.</li>
</ul>
<p>Do zadań pracowników obsługi należy w szczególności:</p>
<ul>
<li>organizacja i zapewnienie odpowiednich warunków do pracy</li>
<li>w przedszkolu,</li>
<li>utrzymanie czystości w budynku przedszkola i otoczeniu.</li>
</ul>
<p>&nbsp;</p>

<p>Przedmiot działania i kompetencje Do zakresu działania i kompetencji dyrektora należy w szczególności: reprezentowanie przedszkola na zewnątrz, kierowanie bieżącymi sprawami przedszkola, wydawanie zarządzeń w zakresie swoich kompetencji, wydawanie indywidualnych poleceń dla pracowników przedszkola w zakresie ich zadań, wydawanie decyzji w obrębie swoich kompetencji, jako organ administracji publicznej, wykonywanie uprawnień zwierzchnika służbowego [&hellip;]</p>

<!-- This site is optimized with the Yoast SEO plugin v27.4 - https://yoast.com/product/yoast-seo-wordpress/ -->
<title>Przedmiot działania - BIP - Zesp&oacute;ł Szk&oacute;ł Elektrycznych i Og&oacute;lnokształcących w Krośnie</title>
<meta name="robots" content="index, follow, max-snippet:-1, max-image-preview:large, max-video-preview:-1" />
<link rel="canonical" href="http://elektryk.krosno.pl/bip/przedmiot-dzialania/" />
<meta property="og:locale" content="pl_PL" />
<meta property="og:type" content="article" />
<meta property="og:title" content="Przedmiot działania - BIP - Zesp&oacute;ł Szk&oacute;ł Elektrycznych i Og&oacute;lnokształcących w Krośnie" />
<meta property="og:description" content="Przedmiot działania i kompetencje Do zakresu działania i kompetencji dyrektora należy w szczególności: reprezentowanie przedszkola na zewnątrz, kierowanie bieżącymi sprawami przedszkola, wydawanie zarządzeń w zakresie swoich kompetencji, wydawanie indywidualnych poleceń dla pracowników przedszkola w zakresie ich zadań, wydawanie decyzji w obrębie swoich kompetencji, jako organ administracji publicznej, wykonywanie uprawnień zwierzchnika służbowego [&hellip;]" />
<meta property="og:url" content="http://elektryk.krosno.pl/bip/przedmiot-dzialania/" />
<meta property="og:site_name" content="BIP - Zesp&oacute;ł Szk&oacute;ł Elektrycznych i Og&oacute;lnokształcących w Krośnie" />
<meta property="article:modified_time" content="2024-11-13T10:17:11+00:00" />
<meta name="twitter:card" content="summary_large_image" />
<meta name="twitter:label1" content="Szacowany czas czytania" />
	<meta name="twitter:data1" content="1 minuta" />
<script type="application/ld+json" class="yoast-schema-graph">{"@context":"https:\/\/schema.org","@graph":[{"@type":"WebPage","@id":"http:\/\/elektryk.krosno.pl\/bip\/przedmiot-dzialania\/","url":"http:\/\/elektryk.krosno.pl\/bip\/przedmiot-dzialania\/","name":"Przedmiot działania - BIP - Zesp&oacute;ł Szk&oacute;ł Elektrycznych i Og&oacute;lnokształcących w Krośnie","isPartOf":{"@id":"http:\/\/elektryk.krosno.pl\/bip\/#website"},"datePublished":"2021-11-22T06:42:39+00:00","dateModified":"2024-11-13T10:17:11+00:00","breadcrumb":{"@id":"http:\/\/elektryk.krosno.pl\/bip\/przedmiot-dzialania\/#breadcrumb"},"inLanguage":"pl-PL","potentialAction":[{"@type":"ReadAction","target":["http:\/\/elektryk.krosno.pl\/bip\/przedmiot-dzialania\/"]}]},{"@type":"BreadcrumbList","@id":"http:\/\/elektryk.krosno.pl\/bip\/przedmiot-dzialania\/#breadcrumb","itemListElement":[{"@type":"ListItem","position":1,"name":"Home","item":"http:\/\/elektryk.krosno.pl\/bip\/"},{"@type":"ListItem","position":2,"name":"Przedmiot działania"}]},{"@type":"WebSite","@id":"http:\/\/elektryk.krosno.pl\/bip\/#website","url":"http:\/\/elektryk.krosno.pl\/bip\/","name":"BIP - Zesp&oacute;ł Szk&oacute;ł Elektrycznych i Og&oacute;lnokształcących w Krośnie","description":"Strona BIP","potentialAction":[{"@type":"SearchAction","target":{"@type":"EntryPoint","urlTemplate":"http:\/\/elektryk.krosno.pl\/bip\/?s={search_term_string}"},"query-input":{"@type":"PropertyValueSpecification","valueRequired":true,"valueName":"search_term_string"}}],"inLanguage":"pl-PL"}]}</script>
<!-- / Yoast SEO plugin. -->

Przedmiot działania - BIP - Zesp&oacute;ł Szk&oacute;ł Elektrycznych i Og&oacute;lnokształcących w Krośnie

Przedmiot działania i kompetencje Do zakresu działania i kompetencji dyrektora należy w szczególności: reprezentowanie przedszkola na zewnątrz, kierowanie bieżącymi sprawami przedszkola, wydawanie zarządzeń w zakresie swoich kompetencji, wydawanie indywidualnych poleceń dla pracowników przedszkola w zakresie ich zadań, wydawanie decyzji w obrębie swoich kompetencji, jako organ administracji publicznej, wykonywanie uprawnień zwierzchnika służbowego [&hellip;]

BIP - Zesp&oacute;ł Szk&oacute;ł Elektrycznych i Og&oacute;lnokształcących w Krośnie
