{"id":2014,"date":"2021-11-14T11:45:44","date_gmt":"2021-11-14T10:45:44","guid":{"rendered":"https:\/\/server462349.nazwa.pl\/wordpress\/wpn_p309bip\/?page_id=2014"},"modified":"2026-01-30T11:34:45","modified_gmt":"2026-01-30T10:34:45","slug":"rekrutacje-nabory","status":"publish","type":"page","link":"http:\/\/elektryk.krosno.pl\/bip\/rekrutacje-nabory\/","title":{"rendered":"Oferty pracy"},"content":{"rendered":"<div id=\"elementor-tab-content-1657\" class=\"elementor-tab-content elementor-clearfix elementor-active\" tabindex=\"0\" role=\"tabpanel\" data-tab=\"7\" aria-labelledby=\"elementor-tab-title-1657\">\n<p>Rok 2026<\/p>\n<p><strong>Og\u0142oszenie_n. informatycznych przedmiot\u00f3w zawodowych_ZSEiO_Krosno<\/strong><\/p>\n<p><a href=\"http:\/\/elektryk.krosno.pl\/bip\/wp-content\/uploads\/2026\/01\/ogloszenie_n.-informatycznych-przedmiotow-zawodowych_ZSEiO_Krosno.pdf\">og\u0142oszenie_n. informatycznych przedmiot\u00f3w zawodowych_ZSEiO_Krosno<\/a><\/p>\n<p><a href=\"http:\/\/elektryk.krosno.pl\/bip\/wp-content\/uploads\/2026\/01\/zalacznik_1_kwestionariusz.pdf\">za\u0142\u0105cznik_1_kwestionariusz<\/a><\/p>\n<p><a href=\"http:\/\/elektryk.krosno.pl\/bip\/wp-content\/uploads\/2026\/01\/zalacznik_2_klauzula-informacyjna-RODO.pdf\">za\u0142\u0105cznik_2_klauzula informacyjna RODO<\/a><\/p>\n<p><a href=\"http:\/\/elektryk.krosno.pl\/bip\/wp-content\/uploads\/2026\/01\/zalacznik_3_oswiadczenie.pdf\">za\u0142\u0105cznik_3_o\u015bwiadczenie<\/a><\/p>\n<p>Rok 2025:<\/p>\n<\/div>\n<p><strong>Informacja o wynikach naboru<\/strong> <strong>na stanowisko referenta w ZSEiO w Kro\u015bnie<\/strong><\/p>\n<p><a href=\"http:\/\/elektryk.krosno.pl\/bip\/wp-content\/uploads\/2025\/12\/4_informacja-o-wyniku-naboru_referent.pdf\">Informacja o wyniku naboru_referent<\/a><\/p>\n<div id=\"elementor-tab-content-1657\" class=\"elementor-tab-content elementor-clearfix elementor-active\" tabindex=\"0\" role=\"tabpanel\" data-tab=\"7\" aria-labelledby=\"elementor-tab-title-1657\">\n<p><strong>Og\u0142oszenie o naborze na stanowisko referenta w ZSEiO w Kro\u015bnie<\/strong><\/p>\n<p><a href=\"http:\/\/elektryk.krosno.pl\/bip\/wp-content\/uploads\/2025\/12\/ogloszenie_referent_ZSEiO_Krosno.pdf\">Og\u0142oszenie_referent_ZSEiO_Krosno<\/a><br \/>\n<a href=\"http:\/\/elektryk.krosno.pl\/bip\/wp-content\/uploads\/2025\/12\/zalacznik_1_kwestionariusz-1.pdf\">Za\u0142\u0105cznik_1_kwestionariusz<\/a><br \/>\n<a href=\"http:\/\/elektryk.krosno.pl\/bip\/wp-content\/uploads\/2025\/12\/zalacznik_2_klauzula-informacyjna-RODO-1.pdf\">za\u0142\u0105cznik_2_klauzula informacyjna RODO<\/a><br \/>\n<a href=\"http:\/\/elektryk.krosno.pl\/bip\/wp-content\/uploads\/2025\/12\/zalacznik_3_oswiadczenie-1.pdf\">za\u0142\u0105cznik_3_o\u015bwiadczenie<\/a><\/p>\n<p><strong>Og\u0142oszenie_n. informatycznych przedmiot\u00f3w zawodowych_ZSEiO_Krosno<\/strong><\/p>\n<p><a href=\"http:\/\/elektryk.krosno.pl\/bip\/wp-content\/uploads\/2025\/12\/ogloszenie_n.-informatycznych-przedmiotow-zawodowych_ZSEiO_Krosno.pdf\">og\u0142oszenie_n. informatycznych przedmiot\u00f3w zawodowych_ZSEiO_Krosno<\/a><\/p>\n<p><a href=\"http:\/\/elektryk.krosno.pl\/bip\/wp-content\/uploads\/2025\/12\/zalacznik_1_kwestionariusz.pdf\">za\u0142\u0105cznik_1_kwestionariusz<\/a><br \/>\n<a href=\"http:\/\/elektryk.krosno.pl\/bip\/wp-content\/uploads\/2025\/12\/zalacznik_2_klauzula-informacyjna-RODO.pdf\">za\u0142\u0105cznik_2_klauzula informacyjna RODO<\/a><br \/>\n<a href=\"http:\/\/elektryk.krosno.pl\/bip\/wp-content\/uploads\/2025\/12\/zalacznik_3_oswiadczenie.pdf\">za\u0142\u0105cznik_3_o\u015bwiadczenie<\/a><\/p>\n<p><strong>Og\u0142oszenie o naborze na stanowisko pedagog specjalny terapeuta pedagogiczny w ZSEiO w Kro\u015bnie<\/strong><\/p>\n<p><a href=\"http:\/\/elektryk.krosno.pl\/bip\/wp-content\/uploads\/2025\/08\/ogloszenie_n.-pedagog-specjalny_terapeuta-pedagogiczny_ZSEiO_Krosno.pdf\">Og\u0142oszenie_n. pedagog specjalny_terapeuta pedagogiczny_ZSEiO_Krosno<\/a><br \/>\n<a href=\"http:\/\/elektryk.krosno.pl\/bip\/wp-content\/uploads\/2025\/08\/zalacznik_1_kwestionariusz-1.pdf\">Zza\u0142\u0105cznik_1_kwestionariusz<\/a><br \/>\n<a href=\"http:\/\/elektryk.krosno.pl\/bip\/wp-content\/uploads\/2025\/08\/zalacznik_2_klauzula-informacyjna-RODO-1.pdf\">Za\u0142\u0105cznik_2_klauzula informacyjna RODO<\/a><br \/>\n<a href=\"http:\/\/elektryk.krosno.pl\/bip\/wp-content\/uploads\/2025\/08\/zalacznik_3_oswiadczenie-1.pdf\">Za\u0142\u0105cznik_3_o\u015bwiadczenie<\/a><\/p>\n<p><strong>Og\u0142oszenie o naborze na stanowisko nauczyciela\/nauczycielki\u00a0 informatycznych przedmiot\u00f3w zawodowych w ZSEiO w Kro\u015bnie.<br \/>\n<\/strong><a href=\"http:\/\/elektryk.krosno.pl\/bip\/wp-content\/uploads\/2025\/08\/Ogloszenie_n.-informatycznych-przedmiotow-zawodowych_ZSEiO_Krosno.pdf\">Og\u0142oszenie_n. informatycznych przedmiot\u00f3w zawodowych_ZSEiO_Krosno<\/a><br \/>\n<a href=\"http:\/\/elektryk.krosno.pl\/bip\/wp-content\/uploads\/2025\/08\/zalacznik_1_kwestionariusz.pdf\">Za\u0142\u0105cznik_1_kwestionariusz<\/a><br \/>\n<a href=\"http:\/\/elektryk.krosno.pl\/bip\/wp-content\/uploads\/2025\/08\/zalacznik_2_klauzula-informacyjna-RODO.pdf\">Za\u0142\u0105cznik_2_klauzula informacyjna RODO<\/a><br \/>\n<a href=\"http:\/\/elektryk.krosno.pl\/bip\/wp-content\/uploads\/2025\/08\/zalacznik_3_oswiadczenie.pdf\">Za\u0142\u0105cznik_3_o\u015bwiadczenie<\/a><\/p>\n<p>Og\u0142oszenie o naborze na stanowisko nauczyciela\/nauczycielki matematyki w ZSEiO w Kro\u015bnie.<\/p>\n<p><a href=\"http:\/\/elektryk.krosno.pl\/bip\/wp-content\/uploads\/2025\/07\/ogloszenie_n.-matematyki_ZSEiO_Krosno.pdf\">Og\u0142oszenie_n. matematyki_ZSEiO_Krosno<\/a><\/p>\n<p><a href=\"http:\/\/elektryk.krosno.pl\/bip\/wp-content\/uploads\/2025\/07\/zalacznik_1_kwestionariusz.pdf\">Za\u0142\u0105cznik_1_kwestionariusz<\/a><br \/>\n<a href=\"http:\/\/elektryk.krosno.pl\/bip\/wp-content\/uploads\/2025\/07\/zalacznik_2_klauzula-informacyjna-RODO.pdf\">Za\u0142\u0105cznik_2_klauzula informacyjna RODO<\/a><br \/>\n<a href=\"http:\/\/elektryk.krosno.pl\/bip\/wp-content\/uploads\/2025\/07\/zalacznik_3_oswiadczenie.pdf\">Za\u0142\u0105cznik_3_o\u015bwiadczenie<\/a><\/p>\n<p><strong>Og\u0142oszenie o naborze na stanowisko nauczyciela\/nauczycielki edukacji dla bezpiecze\u0144stwa w ZSEiO w Kro\u015bnie.<\/strong><\/p>\n<p><a href=\"http:\/\/elektryk.krosno.pl\/bip\/wp-content\/uploads\/2025\/07\/Ogloszenie_n.-edukacji-dla-bezpieczenstwa_ZSEiO_Krosno.pdf\">Og\u0142oszenie_n. edukacji dla bezpiecze\u0144stwa_ZSEiO_Krosno<\/a><br \/>\n<a href=\"http:\/\/elektryk.krosno.pl\/bip\/wp-content\/uploads\/2025\/07\/zalacznik_1_kwestionariusz-1.pdf\">Za\u0142\u0105cznik_1_kwestionariusz<\/a><br \/>\n<a href=\"http:\/\/elektryk.krosno.pl\/bip\/wp-content\/uploads\/2025\/07\/zalacznik_2_klauzula-informacyjna-RODO-1.pdf\">Za\u0142\u0105cznik_2_klauzula informacyjna RODO<\/a><strong><br \/>\n<\/strong><a href=\"http:\/\/elektryk.krosno.pl\/bip\/wp-content\/uploads\/2025\/07\/zalacznik_3_oswiadczenie-1.pdf\">Za\u0142\u0105cznik_3_o\u015bwiadczenie<\/a><\/p>\n<p>Rok 2024:<\/p>\n<p><strong>Og\u0142oszenie o naborze na stanowisko nauczyciela\/nauczycielki matematyki w ZSEiO w Kro\u015bnie.<\/strong><\/p>\n<p><a href=\"http:\/\/elektryk.krosno.pl\/wp-content\/uploads\/2024\/11\/ogloszenie_n.-matematyki_ZSEiO_Krosno.pdf\">Og\u0142oszenie_n. matematyki_ZSEiO_Krosno<\/a><\/p>\n<p><a href=\"http:\/\/elektryk.krosno.pl\/wp-content\/uploads\/2024\/11\/zalacznik_1_kwestionariusz.pdf\">Za\u0142\u0105cznik_1_kwestionariusz<\/a><\/p>\n<p><a href=\"http:\/\/elektryk.krosno.pl\/wp-content\/uploads\/2024\/11\/zalacznik_2_klauzula-informacyjna-RODO.pdf\">Za\u0142\u0105cznik_2_klauzula informacyjna RODO<\/a><\/p>\n<p><a href=\"http:\/\/elektryk.krosno.pl\/wp-content\/uploads\/2024\/11\/zalacznik_3_oswiadczenie.pdf\">Za\u0142\u0105cznik_3_o\u015bwiadczenie<\/a><\/p>\n<p><strong>Og\u0142oszenie o naborze na stanowisko nauczyciela\/nauczycielki: historia, WOS, HiT w ZSEiO w Kro\u015bnie.<\/strong><\/p>\n<p><a href=\"http:\/\/elektryk.krosno.pl\/wp-content\/uploads\/2024\/07\/ogloszenie_n.-historii_ZSEiO_Krosno-1.pdf\">Og\u0142oszenie_n. historii_ZSEiO_Krosno<\/a><\/p>\n<p><a href=\"http:\/\/elektryk.krosno.pl\/wp-content\/uploads\/2024\/07\/zalacznik_1_kwestionariusz.pdf\">za\u0142\u0105cznik_1_kwestionariusz<\/a><\/p>\n<p><a href=\"http:\/\/elektryk.krosno.pl\/wp-content\/uploads\/2024\/07\/zalacznik_2_klauzula-informacyjna-RODO.pdf\">za\u0142\u0105cznik_2_klauzula informacyjna RODO<\/a><\/p>\n<p><a href=\"http:\/\/elektryk.krosno.pl\/wp-content\/uploads\/2024\/07\/zalacznik_3_oswiadczenie.pdf\">za\u0142\u0105cznik_3_o\u015bwiadczenie<\/a><\/p>\n<p><strong>Og\u0142oszenie o naborze na stanowisko nauczyciela\/nauczycielki matematyki w ZSEiO w Kro\u015bnie.<\/strong><\/p>\n<p><a href=\"http:\/\/elektryk.krosno.pl\/wp-content\/uploads\/2024\/07\/ogloszenie_n.-matematyki_ZSEiO_Krosno-1.pdf\">Og\u0142oszenie_n. matematyki_ZSEiO_Krosno<\/a><\/p>\n<p><a href=\"http:\/\/elektryk.krosno.pl\/wp-content\/uploads\/2024\/07\/zalacznik_1_kwestionariusz-1.pdf\">za\u0142\u0105cznik_1_kwestionariusz<\/a><\/p>\n<p><a href=\"http:\/\/elektryk.krosno.pl\/wp-content\/uploads\/2024\/07\/zalacznik_2_klauzula-informacyjna-RODO-1.pdf\">za\u0142\u0105cznik_2_klauzula informacyjna RODO<\/a><\/p>\n<p><a href=\"http:\/\/elektryk.krosno.pl\/wp-content\/uploads\/2024\/07\/zalacznik_3_oswiadczenie-1.pdf\">za\u0142\u0105cznik_3_o\u015bwiadczenie<\/a><\/p>\n<p><strong>Og\u0142oszenie o naborze na stanowisko nauczyciela\/nauczycielki psychologa w ZSEiO w Kro\u015bnie.<\/strong><\/p>\n<p><a href=\"http:\/\/elektryk.krosno.pl\/wp-content\/uploads\/2024\/07\/ogloszenie_n.-psycholog_ZSEiO_Krosno-1.pdf\">Og\u0142oszenie_n. psycholog_ZSEiO_Krosno<\/a><\/p>\n<p><a href=\"http:\/\/elektryk.krosno.pl\/wp-content\/uploads\/2024\/07\/zalacznik_1_kwestionariusz-2.pdf\">za\u0142\u0105cznik_1_kwestionariusz<\/a><\/p>\n<p><a href=\"http:\/\/elektryk.krosno.pl\/wp-content\/uploads\/2024\/07\/zalacznik_2_klauzula-informacyjna-RODO-2.pdf\">za\u0142\u0105cznik_2_klauzula informacyjna RODO<\/a><\/p>\n<p><a href=\"http:\/\/elektryk.krosno.pl\/wp-content\/uploads\/2024\/07\/zalacznik_3_oswiadczenie-2.pdf\">za\u0142\u0105cznik_3_o\u015bwiadczenie<\/a><\/p>\n<p><strong>Og\u0142oszenie o naborze na stanowisko nauczyciela- psycholog w ZSEiO<\/strong><\/p>\n<p><a href=\"http:\/\/elektryk.krosno.pl\/wp-content\/uploads\/2024\/06\/ogloszenie_n.-psycholog_ZSEiO_Krosno.pdf\">Og\u0142oszenie_n. psycholog_ZSEiO_Krosno<\/a><\/p>\n<p><a href=\"http:\/\/elektryk.krosno.pl\/wp-content\/uploads\/2024\/06\/zalacznik_1_kwestionariusz.pdf\">Za\u0142\u0105cznik_1_kwestionariusz<\/a><\/p>\n<p><a href=\"http:\/\/elektryk.krosno.pl\/wp-content\/uploads\/2024\/06\/zalacznik_2_klauzula-informacyjna-RODO.pdf\">Za\u0142\u0105cznik_2_klauzula informacyjna RODO<\/a><\/p>\n<p><a href=\"http:\/\/elektryk.krosno.pl\/wp-content\/uploads\/2024\/06\/zalacznik_3_oswiadczenie.pdf\">Za\u0142\u0105cznik_3_o\u015bwiadczenie<\/a><\/p>\n<p>Rok 2023<\/p>\n<p><strong>Og\u0142oszenie o naborze na stanowisko nauczyciela\/nauczycielki j\u0119zyka angielskiego w ZSEiO:<\/strong><\/p>\n<p><a href=\"http:\/\/elektryk.krosno.pl\/wp-content\/uploads\/2023\/11\/ogloszenie_n.-jezyka-angielskiego_ZSEiO_Krosno.pdf\">Og\u0142oszenie_n. j\u0119zyka angielskiego_ZSEiO_Krosno<\/a><\/p>\n<p><a href=\"http:\/\/elektryk.krosno.pl\/wp-content\/uploads\/2023\/11\/zalacznik-nr-1_kwestionariusz-1.pdf\">Za\u0142\u0105cznik nr 1_kwestionariusz<\/a><\/p>\n<p><a href=\"http:\/\/elektryk.krosno.pl\/wp-content\/uploads\/2023\/11\/zalacznik-nr-2_klauzula-informacyjna-RODO-1.pdf\">Za\u0142\u0105cznik nr 2_klauzula informacyjna RODO<\/a><\/p>\n<p><strong>Og\u0142oszenie o naborze na stanowisko nauczyciela\/nauczycielki matematyki w ZSEiO:<\/strong><br \/>\n<a href=\"http:\/\/elektryk.krosno.pl\/wp-content\/uploads\/2023\/11\/ogloszenie_n.-matematyki_ZSEiO_Krosno.pdf\">Og\u0142oszenie_n. matematyki_ZSEiO_Krosno<\/a><\/p>\n<p><a href=\"http:\/\/elektryk.krosno.pl\/wp-content\/uploads\/2023\/11\/zalacznik-nr-1_kwestionariusz.pdf\">Za\u0142\u0105cznik nr\u00a0<\/a><a href=\"http:\/\/elektryk.krosno.pl\/wp-content\/uploads\/2023\/11\/zalacznik-nr-1_kwestionariusz.pdf\">1_kwestionariusz<\/a><\/p>\n<p><a href=\"http:\/\/elektryk.krosno.pl\/wp-content\/uploads\/2023\/11\/zalacznik-nr-2_klauzula-informacyjna-RODO.pdf\">Za\u0142\u0105cznik nr 2_klauzula informacyjna RODO<\/a><\/p>\n<p>Rok 2022:<\/p>\n<p><strong>Og\u0142oszenie o naborze na stanowisko pomoc nauczyciela w ZSEiO:<\/strong><\/p>\n<p><a href=\"http:\/\/elektryk.krosno.pl\/wp-content\/uploads\/2022\/11\/ogloszenie_pomoc_nauczyciela_ZSEiO_Krosno.pdf\">Og\u0142oszenie_pomoc_nauczyciela_ZSEiO_Krosno<\/a><\/p>\n<p><a href=\"http:\/\/elektryk.krosno.pl\/wp-content\/uploads\/2022\/11\/zalacznik-nr-1_Oswiadczenie.pdf\">Za\u0142\u0105cznik nr 1_O\u015bwiadczenie<\/a><strong><br \/>\n<\/strong><\/p>\n<p><a href=\"http:\/\/elektryk.krosno.pl\/wp-content\/uploads\/2022\/11\/zalacznik-nr-2_Kwestionariusz.docx\">Za\u0142\u0105cznik nr 2_Kwestionariusz<\/a><\/p>\n<p><a href=\"http:\/\/elektryk.krosno.pl\/wp-content\/uploads\/2022\/11\/zalacznik-nr-3_Klauzula-informacyjna-RODO.pdf\">Za\u0142\u0105cznik nr 3_Klauzula informacyjna RODO<\/a><\/p>\n<p><strong>Informacja o wyniku naboru na referenta ZSEiO w Kro\u015bnie<\/strong><\/p>\n<p><a href=\"http:\/\/elektryk.krosno.pl\/wp-content\/uploads\/2022\/09\/informacja-o-wyniku-naboru_referent.pdf\">Informacja o wyniku naboru_referent<\/a><\/p>\n<p><strong>Og\u0142oszenie o naborze na stanowisko referenta w ZSEiO<\/strong><\/p>\n<p><a href=\"http:\/\/elektryk.krosno.pl\/wp-content\/uploads\/2022\/08\/ogloszenie_referent_ZSEiO_Krosno.pdf\">Og\u0142oszenie_referent_ZSEiO_Krosno<\/a><\/p>\n<p><a href=\"http:\/\/elektryk.krosno.pl\/wp-content\/uploads\/2022\/08\/zalacznik-nr-1_oswiadczenie.pdf\">Za\u0142\u0105cznik nr 1_o\u015bwiadczenie<\/a><\/p>\n<p><a href=\"http:\/\/elektryk.krosno.pl\/wp-content\/uploads\/2022\/08\/zalacznik-nr-2_Kwestionariusz.docx\">Za\u0142\u0105cznik nr 2_Kwestionariusz<\/a><\/p>\n<p><a href=\"http:\/\/elektryk.krosno.pl\/wp-content\/uploads\/2022\/08\/zalacznik-nr-3_Klauzula-informacyjna-RODO.pdf\">Za\u0142\u0105cznik nr 3_Klauzula informacyjna RODO<\/a><\/p>\n<p><strong><a href=\"http:\/\/elektryk.krosno.pl\/wp-content\/uploads\/2022\/07\/Wyniki-konkursu-na-stanowisko-glownego-ksiegowego.pdf\">Wyniki konkursu na stanowisko g\u0142\u00f3wnego ksi\u0119gowego<\/a><\/strong><\/p>\n<p><strong>Og\u0142oszenie G\u0142\u00f3wny Ksi\u0119gowy ZSEiO Krosno- ponowienie<\/strong><\/p>\n<p><a href=\"http:\/\/elektryk.krosno.pl\/wp-content\/uploads\/2022\/06\/zalacznik-nr-1_oswiadczenie.pdf\">Za\u0142\u0105cznik nr 1_o\u015bwiadczenie<\/a><\/p>\n<p><a href=\"http:\/\/elektryk.krosno.pl\/wp-content\/uploads\/2022\/06\/zalacznik-nr-2_Kwestionariusz.docx\">Za\u0142\u0105cznik nr 2_Kwestionariusz<\/a><\/p>\n<p><a href=\"http:\/\/elektryk.krosno.pl\/wp-content\/uploads\/2022\/06\/zalacznik-nr-3_Klauzula-informacyjna-RODO.pdf\">Za\u0142\u0105cznik nr 3_Klauzula informacyjna RODO<\/a><\/p>\n<p><a href=\"http:\/\/elektryk.krosno.pl\/wp-content\/uploads\/2022\/06\/ogloszenie_Glowny_Ksiegowy_ZSEiO_Krosno.pdf\">Og\u0142oszenie_G\u0142\u00f3wny_Ksi\u0119gowy_ZSEiO_Krosno<\/a><\/p>\n<p><strong><a href=\"http:\/\/elektryk.krosno.pl\/wp-content\/uploads\/2022\/06\/Informacja-o-wyniku-naboru.pdf\">Informacja o wyniku naboru na G\u0142\u00f3wnego ksi\u0119gowego ZSEiO w Kro\u015bnie<\/a><\/strong><\/p>\n<p><strong>Nab\u00f3r na stanowisko g\u0142\u00f3wnego ksi\u0119gowego:<\/strong><\/p>\n<p><a href=\"http:\/\/elektryk.krosno.pl\/wp-content\/uploads\/2022\/05\/ogloszenie_glowny_ksiegowy_ZSEiO_Krosno.pdf\">Og\u0142oszenie g\u0142\u00f3wny\u00a0 ksi\u0119gowy ZSEiO_Krosno<\/a><\/p>\n<p><a href=\"http:\/\/elektryk.krosno.pl\/wp-content\/uploads\/2022\/05\/zalacznik-nr-1_oswiadczenie.pdf\">Za\u0142\u0105cznik nr 1 o\u015bwiadczenie<\/a><\/p>\n<p><a href=\"http:\/\/elektryk.krosno.pl\/wp-content\/uploads\/2022\/05\/zalacznik-nr-2_Kwestionariusz.docx\">Za\u0142\u0105cznik nr 2 Kwestionariusz<\/a><\/p>\n<p><a href=\"http:\/\/elektryk.krosno.pl\/wp-content\/uploads\/2022\/05\/zalacznik-nr-3_Klauzula-informacyjna-RODO.pdf\">Za\u0142\u0105cznik nr 3 Klauzula informacyjna RODO<\/a><\/p>\n<p>Rok 2019:<a href=\"http:\/\/zsp5.krosno.pl\/pliki\/praca\/Ogloszenie_ksiegowy.pdf\"><br \/>\nOG\u0141OSZENIE O NABORZE NA WOLNE STANOWISKO URZ\u0118DNICZE<\/a><\/p>\n<\/div>\n","protected":false},"excerpt":{"rendered":"<p>Rok 2026 Og\u0142oszenie_n. informatycznych przedmiot\u00f3w zawodowych_ZSEiO_Krosno og\u0142oszenie_n. informatycznych przedmiot\u00f3w zawodowych_ZSEiO_Krosno za\u0142\u0105cznik_1_kwestionariusz za\u0142\u0105cznik_2_klauzula informacyjna RODO za\u0142\u0105cznik_3_o\u015bwiadczenie Rok 2025: Informacja o wynikach naboru na stanowisko referenta w ZSEiO w Kro\u015bnie Informacja o wyniku naboru_referent Og\u0142oszenie o naborze na stanowisko referenta w ZSEiO w Kro\u015bnie Og\u0142oszenie_referent_ZSEiO_Krosno Za\u0142\u0105cznik_1_kwestionariusz za\u0142\u0105cznik_2_klauzula informacyjna RODO za\u0142\u0105cznik_3_o\u015bwiadczenie Og\u0142oszenie_n. informatycznych [&hellip;]<\/p>\n","protected":false},"author":1,"featured_media":0,"parent":0,"menu_order":0,"comment_status":"closed","ping_status":"closed","template":"","meta":{"footnotes":""},"class_list":["post-2014","page","type-page","status-publish","hentry"],"yoast_head":"<!-- This site is optimized with the Yoast SEO plugin v27.4 - https:\/\/yoast.com\/product\/yoast-seo-wordpress\/ -->\n<title>Oferty pracy - BIP - Zesp&oacute;\u0142 Szk&oacute;\u0142 Elektrycznych i Og&oacute;lnokszta\u0142c\u0105cych w Kro\u015bnie<\/title>\n<meta name=\"robots\" content=\"index, follow, max-snippet:-1, max-image-preview:large, max-video-preview:-1\" \/>\n<link rel=\"canonical\" href=\"http:\/\/elektryk.krosno.pl\/bip\/rekrutacje-nabory\/\" \/>\n<meta property=\"og:locale\" content=\"pl_PL\" \/>\n<meta property=\"og:type\" content=\"article\" \/>\n<meta property=\"og:title\" content=\"Oferty pracy - BIP - Zesp&oacute;\u0142 Szk&oacute;\u0142 Elektrycznych i Og&oacute;lnokszta\u0142c\u0105cych w Kro\u015bnie\" \/>\n<meta property=\"og:description\" content=\"Rok 2026 Og\u0142oszenie_n. informatycznych przedmiot\u00f3w zawodowych_ZSEiO_Krosno og\u0142oszenie_n. informatycznych przedmiot\u00f3w zawodowych_ZSEiO_Krosno za\u0142\u0105cznik_1_kwestionariusz za\u0142\u0105cznik_2_klauzula informacyjna RODO za\u0142\u0105cznik_3_o\u015bwiadczenie Rok 2025: Informacja o wynikach naboru na stanowisko referenta w ZSEiO w Kro\u015bnie Informacja o wyniku naboru_referent Og\u0142oszenie o naborze na stanowisko referenta w ZSEiO w Kro\u015bnie Og\u0142oszenie_referent_ZSEiO_Krosno Za\u0142\u0105cznik_1_kwestionariusz za\u0142\u0105cznik_2_klauzula informacyjna RODO za\u0142\u0105cznik_3_o\u015bwiadczenie Og\u0142oszenie_n. informatycznych [&hellip;]\" \/>\n<meta property=\"og:url\" content=\"http:\/\/elektryk.krosno.pl\/bip\/rekrutacje-nabory\/\" \/>\n<meta property=\"og:site_name\" content=\"BIP - Zesp&oacute;\u0142 Szk&oacute;\u0142 Elektrycznych i Og&oacute;lnokszta\u0142c\u0105cych w Kro\u015bnie\" \/>\n<meta property=\"article:modified_time\" content=\"2026-01-30T10:34:45+00:00\" \/>\n<meta name=\"twitter:card\" content=\"summary_large_image\" \/>\n<meta name=\"twitter:label1\" content=\"Szacowany czas czytania\" \/>\n\t<meta name=\"twitter:data1\" content=\"3 minuty\" \/>\n<script type=\"application\/ld+json\" class=\"yoast-schema-graph\">{\"@context\":\"https:\\\/\\\/schema.org\",\"@graph\":[{\"@type\":\"WebPage\",\"@id\":\"http:\\\/\\\/elektryk.krosno.pl\\\/bip\\\/rekrutacje-nabory\\\/\",\"url\":\"http:\\\/\\\/elektryk.krosno.pl\\\/bip\\\/rekrutacje-nabory\\\/\",\"name\":\"Oferty pracy - BIP - Zesp&oacute;\u0142 Szk&oacute;\u0142 Elektrycznych i Og&oacute;lnokszta\u0142c\u0105cych w Kro\u015bnie\",\"isPartOf\":{\"@id\":\"http:\\\/\\\/elektryk.krosno.pl\\\/bip\\\/#website\"},\"datePublished\":\"2021-11-14T10:45:44+00:00\",\"dateModified\":\"2026-01-30T10:34:45+00:00\",\"breadcrumb\":{\"@id\":\"http:\\\/\\\/elektryk.krosno.pl\\\/bip\\\/rekrutacje-nabory\\\/#breadcrumb\"},\"inLanguage\":\"pl-PL\",\"potentialAction\":[{\"@type\":\"ReadAction\",\"target\":[\"http:\\\/\\\/elektryk.krosno.pl\\\/bip\\\/rekrutacje-nabory\\\/\"]}]},{\"@type\":\"BreadcrumbList\",\"@id\":\"http:\\\/\\\/elektryk.krosno.pl\\\/bip\\\/rekrutacje-nabory\\\/#breadcrumb\",\"itemListElement\":[{\"@type\":\"ListItem\",\"position\":1,\"name\":\"Home\",\"item\":\"http:\\\/\\\/elektryk.krosno.pl\\\/bip\\\/\"},{\"@type\":\"ListItem\",\"position\":2,\"name\":\"Oferty pracy\"}]},{\"@type\":\"WebSite\",\"@id\":\"http:\\\/\\\/elektryk.krosno.pl\\\/bip\\\/#website\",\"url\":\"http:\\\/\\\/elektryk.krosno.pl\\\/bip\\\/\",\"name\":\"BIP - Zesp&oacute;\u0142 Szk&oacute;\u0142 Elektrycznych i Og&oacute;lnokszta\u0142c\u0105cych w Kro\u015bnie\",\"description\":\"Strona BIP\",\"potentialAction\":[{\"@type\":\"SearchAction\",\"target\":{\"@type\":\"EntryPoint\",\"urlTemplate\":\"http:\\\/\\\/elektryk.krosno.pl\\\/bip\\\/?s={search_term_string}\"},\"query-input\":{\"@type\":\"PropertyValueSpecification\",\"valueRequired\":true,\"valueName\":\"search_term_string\"}}],\"inLanguage\":\"pl-PL\"}]}<\/script>\n<!-- \/ Yoast SEO plugin. -->","yoast_head_json":{"title":"Oferty pracy - BIP - Zesp&oacute;\u0142 Szk&oacute;\u0142 Elektrycznych i Og&oacute;lnokszta\u0142c\u0105cych w Kro\u015bnie","robots":{"index":"index","follow":"follow","max-snippet":"max-snippet:-1","max-image-preview":"max-image-preview:large","max-video-preview":"max-video-preview:-1"},"canonical":"http:\/\/elektryk.krosno.pl\/bip\/rekrutacje-nabory\/","og_locale":"pl_PL","og_type":"article","og_title":"Oferty pracy - BIP - Zesp&oacute;\u0142 Szk&oacute;\u0142 Elektrycznych i Og&oacute;lnokszta\u0142c\u0105cych w Kro\u015bnie","og_description":"Rok 2026 Og\u0142oszenie_n. informatycznych przedmiot\u00f3w zawodowych_ZSEiO_Krosno og\u0142oszenie_n. informatycznych przedmiot\u00f3w zawodowych_ZSEiO_Krosno za\u0142\u0105cznik_1_kwestionariusz za\u0142\u0105cznik_2_klauzula informacyjna RODO za\u0142\u0105cznik_3_o\u015bwiadczenie Rok 2025: Informacja o wynikach naboru na stanowisko referenta w ZSEiO w Kro\u015bnie Informacja o wyniku naboru_referent Og\u0142oszenie o naborze na stanowisko referenta w ZSEiO w Kro\u015bnie Og\u0142oszenie_referent_ZSEiO_Krosno Za\u0142\u0105cznik_1_kwestionariusz za\u0142\u0105cznik_2_klauzula informacyjna RODO za\u0142\u0105cznik_3_o\u015bwiadczenie Og\u0142oszenie_n. informatycznych [&hellip;]","og_url":"http:\/\/elektryk.krosno.pl\/bip\/rekrutacje-nabory\/","og_site_name":"BIP - Zesp&oacute;\u0142 Szk&oacute;\u0142 Elektrycznych i Og&oacute;lnokszta\u0142c\u0105cych w Kro\u015bnie","article_modified_time":"2026-01-30T10:34:45+00:00","twitter_card":"summary_large_image","twitter_misc":{"Szacowany czas czytania":"3 minuty"},"schema":{"@context":"https:\/\/schema.org","@graph":[{"@type":"WebPage","@id":"http:\/\/elektryk.krosno.pl\/bip\/rekrutacje-nabory\/","url":"http:\/\/elektryk.krosno.pl\/bip\/rekrutacje-nabory\/","name":"Oferty pracy - BIP - Zesp&oacute;\u0142 Szk&oacute;\u0142 Elektrycznych i Og&oacute;lnokszta\u0142c\u0105cych w Kro\u015bnie","isPartOf":{"@id":"http:\/\/elektryk.krosno.pl\/bip\/#website"},"datePublished":"2021-11-14T10:45:44+00:00","dateModified":"2026-01-30T10:34:45+00:00","breadcrumb":{"@id":"http:\/\/elektryk.krosno.pl\/bip\/rekrutacje-nabory\/#breadcrumb"},"inLanguage":"pl-PL","potentialAction":[{"@type":"ReadAction","target":["http:\/\/elektryk.krosno.pl\/bip\/rekrutacje-nabory\/"]}]},{"@type":"BreadcrumbList","@id":"http:\/\/elektryk.krosno.pl\/bip\/rekrutacje-nabory\/#breadcrumb","itemListElement":[{"@type":"ListItem","position":1,"name":"Home","item":"http:\/\/elektryk.krosno.pl\/bip\/"},{"@type":"ListItem","position":2,"name":"Oferty pracy"}]},{"@type":"WebSite","@id":"http:\/\/elektryk.krosno.pl\/bip\/#website","url":"http:\/\/elektryk.krosno.pl\/bip\/","name":"BIP - Zesp&oacute;\u0142 Szk&oacute;\u0142 Elektrycznych i Og&oacute;lnokszta\u0142c\u0105cych w Kro\u015bnie","description":"Strona BIP","potentialAction":[{"@type":"SearchAction","target":{"@type":"EntryPoint","urlTemplate":"http:\/\/elektryk.krosno.pl\/bip\/?s={search_term_string}"},"query-input":{"@type":"PropertyValueSpecification","valueRequired":true,"valueName":"search_term_string"}}],"inLanguage":"pl-PL"}]}},"_links":{"self":[{"href":"http:\/\/elektryk.krosno.pl\/bip\/wp-json\/wp\/v2\/pages\/2014","targetHints":{"allow":["GET"]}}],"collection":[{"href":"http:\/\/elektryk.krosno.pl\/bip\/wp-json\/wp\/v2\/pages"}],"about":[{"href":"http:\/\/elektryk.krosno.pl\/bip\/wp-json\/wp\/v2\/types\/page"}],"author":[{"embeddable":true,"href":"http:\/\/elektryk.krosno.pl\/bip\/wp-json\/wp\/v2\/users\/1"}],"replies":[{"embeddable":true,"href":"http:\/\/elektryk.krosno.pl\/bip\/wp-json\/wp\/v2\/comments?post=2014"}],"version-history":[{"count":10,"href":"http:\/\/elektryk.krosno.pl\/bip\/wp-json\/wp\/v2\/pages\/2014\/revisions"}],"predecessor-version":[{"id":2259,"href":"http:\/\/elektryk.krosno.pl\/bip\/wp-json\/wp\/v2\/pages\/2014\/revisions\/2259"}],"wp:attachment":[{"href":"http:\/\/elektryk.krosno.pl\/bip\/wp-json\/wp\/v2\/media?parent=2014"}],"curies":[{"name":"wp","href":"https:\/\/api.w.org\/{rel}","templated":true}]}}